). Let f(s) = s**2 + 8*s + 6. Give f(a).
6
Let t(u) = u + 7. Let p = 31 - 21. Let g(z) be the second derivative of -z**3/3 + 15*z**2/2 - 4*z. Let r be g(p). What is t(r)?
2
Let b(p) = 18*p**2 + p. Suppose -4*f + 5*i = -31, 5*f - 3*i + 0 = 42. Let z = f - 10. Determine b(z).
17
Let b(f) = 4*f**3 + 5*f + 4. Let v(m) = 5*m**3 - m**2 + 5*m + 3. Let g(r) = 6*b(r) - 5*v(r). Let d be g(6). Let z(a) = a + 0*a - d*a + 1 + 3*a. What is z(4)?
5
Suppose 0*d + 3 = 3*d - 4*k, 3*d = 3*k. Let g be d/(-2)*154/33. Let s(n) = -n**2 + 11*n - 5. Determine s(g).
23
Let y(k) = -k**2 + 5*k + 5. Let p(a) = a**2 + 5*a. Let v be p(-5). Suppose -21*w + 26*w + 20 = v. Let o be 12/w - -9 - 1. Give y(o).
5
Let f(i) = 11. Let t(a) = -4*a + 3. Let z(q) = 4*f(q) + t(q). Give z(13).
-5
Let c(u) = -u**2 + 2. Let l be 27/15 - 25/(-125). Let k(b) = 4*b**2 + b - 7. Let r(z) = l*k(z) + 7*c(z). Give r(3).
15
Suppose 151 = 11*j + 668. Let l = j - -47. Let m(i) = -i**3 - 6. Calculate m(l).
-6
Let d(w) = 4*w + 2. Let n(y) = -y**2 + 12*y - 17. Let r be n(0). Let l = 15 + r. Give d(l).
-6
Let w(y) be the third derivative of y**6/120 - y**5/15 - 5*y**4/24 + 4*y**3/3 - 4*y**2 - 12*y. Give w(4).
-12
Suppose -5*p = -5*h, p + h + 4 = 4*p. Suppose -4*x + 5*x + 5*a = -58, p*x - 3*a = -142. Let i = -59 - x. Let l(w) = w**3 - 9*w**2 - w - 6. Give l(i).
-15
Let v be ((-629)/(-170) - 4) + (-1 - 13/(-10)). Let q(p) = 12*p + 4. Determine q(v).
4
Let r(j) = j**2 + 74*j + 3 + 176*j - 248*j. Determine r(-6).
27
Let c(a) be the second derivative of -7*a**5/20 - 7*a**4/12 - 7*a**3/6 - 2*a**2 - 137*a - 11. Give c(-2).
38
Let f(m) = -m**2 - 10*m + 9. Let u be f(-10). Let g(q) be the first derivative of 1 - 3*q - 7*q + q**2 + u*q. Give g(4).
7
Let g = 3244 - 3240. Let u(c) = -22*c + 76. Calculate u(g).
-12
Let f(p) = -132*p + 261. Let m be f(2). Let y(a) = a**2 - 5*a - 28. Calculate y(m).
-4
Let c(x) = -6*x**3 + x**2 + 9*x. Let m(i) = -i**2 + 0*i**2 + 12*i**3 - 5*i**3 - 3*i - 8*i. Let t(z) = 6*c(z) + 5*m(z). What is t(2)?
-6
Let c(b) = -16*b - 229554 + 459546 - 229801 - 15*b. Calculate c(6).
5
Let y(a) = -a**2. Let d(s) = 3*s**2 - 10*s - 2. Suppose 18*u = 13*u + 10. Let p(i) = u*y(i) + d(i). Determine p(7).
-23
Let w(b) be the third derivative of -b**6/120 - 2*b**5/15 - 17*b**4/24 - 17*b**3/6 - 24*b**2. Let j be w(-8). Let x(r) = 122 - 2*r - 2*r - j. Calculate x(5).
-17
Let s(h) = -h**2 - 5*h + 7. Suppose -v = 4*g + 25, 5*g + 10*v + 5 = 14*v. Give s(g).
7
Suppose 0*a + 56 = -4*r - 2*a, 0 = 4*a + 16. Let m(v) be the second derivative of 3*v + 8*v**2 + v**4 + 1/20*v**5 + 3 + 1/3*v**3. Give m(r).
-8
Let h(p) = p**3 + 24*p**2 + 124*p - 29. Let j be h(-8). Let s(c) = 9*c**2 + c. Determine s(j).
84
Let y(d) = -4*d**2 - 15*d + 17. Let s(z) = -5*z**2 - 16*z + 16. Let m(k) = -5*s(k) + 6*y(k). Let u be m(7). Let o(r) = -u - 2 + 8127*r - 8123*r. Give o(2).
5
Let c = 6701 + -6693. Let b(q) = 4*q - 19. Give b(c).
13
Let m be ((-4)/192)/(1/(-2)). Let n(z) be the third derivative of 0 + 26*z**2 - 1/6*z**3 - m*z**4 + 0*z. What is n(-3)?
2
Let k = 1948 + -1962. Let x(r) = -r**3 - 16*r**2 - 30*r - 32. Give x(k).
-4
Let l be (-2)/(-7) - (1690/(-7))/(-26). Let w(v) = -13*v - 5*v**2 - 5*v**2 + 233 - 230 - v**3. Determine w(l).
39
Let k(x) be the second derivative of 0 - 7/12*x**4 - 1/20*x**5 - 63*x + 4*x**2 + 4/3*x**3. Calculate k(-8).
8
Let f(h) be the first derivative of 5/3*h**3 - 1 + 2*h**2 + h + 1/4*h**4. Calculate f(-5).
-19
Let o(d) = d**2 - 4*d + 2. Let w = -156 + 91. Let q = w + 50. Let t(z) = -z - 10. Let v be t(q). Determine o(v).
7
Let f be 142/14 - (506/(-22))/(-161). Let q(y) = y**2 - 12*y - 14. Calculate q(f).
-34
Let j = 88 - 173. Let c be (9 - 19) + 94 - 6. Let x = c + j. Let d(u) = u**2 + 7*u - 4. What is d(x)?
-4
Let h(a) be the second derivative of -11*a**3/6 + 13*a**2/2 + 48*a. Let x(v) = -10*v + 15. Let w(n) = -6*h(n) + 5*x(n). Give w(2).
29
Let c(h) = -6*h**3 + 14*h**2 + 25*h + 13. Let v(m) = m**3 - 2*m - 1. Let z(n) = c(n) + 5*v(n). Give z(15).
8
Let m(o) = 13*o - 18. Let f(y) = y**2 - 124*y - 377. Let h be f(-3). What is m(h)?
34
Suppose -33*o + 22 = -22*o. Let a(s) = -5*s**2 - 40*s - 30. Let u(l) = -l**2 - 8*l - 6. Let w(j) = o*a(j) - 11*u(j). Calculate w(-5).
-9
Let p = -6328 - -6369. Let s(d) = d**2 - 39*d - 86. Give s(p).
-4
Let t(o) = -o**2 + 5*o - 4. Let n be t(2). Suppose -n*f - 5*c - 3 = 6, 2*f - 5*c = 41. Let h(u) = -11*u + 1 + f + 9 - 16. Give h(-2).
24
Let m(f) be the third derivative of f**5/60 + 13*f**4/24 + 5*f**3/2 - 798*f**2. Calculate m(-11).
-7
Suppose 3*g - 27 = -2*s, g + 73 = 5*s + 3*g. Suppose 18*p - 6 = s*p. Let h(k) = -94*k**2 + 1 - 3 + 93*k**p. What is h(-5)?
-27
Let a = -18 - -10. Let l(c) be the third derivative of -c**4/8 + 172714*c**2. Calculate l(a).
24
Suppose -v - 15 + 4 = 3*b, -2*b - 4 = -v. Let x be 1/1 + (b - 8). Let l(g) = -g**3 - 11*g**2 - 9*g + 1. Determine l(x).
-9
Suppose 52 + 8 = 5*w. Suppose -w*q = -18*q. Let v(d) = q - 4 + 4*d - d**2 + 0. Determine v(3).
-1
Let x(q) be the third derivative of -q**4/6 + 23*q**3/6 + 481*q**2 - q. Calculate x(10).
-17
Let q(b) = -b**2 - 8*b. Let s be q(-7). Let p(f) = 6*f + 2. Let k(a) = 4 + 4*a - 3 + a + 0*a. Let i(y) = s*k(y) - 6*p(y). Calculate i(4).
-9
Let t(s) = 2*s. Let f(c) = 2*c. Let g(o) = -5*f(o) + 6*t(o). Let w be (-8 + (6 - 0))*(-9)/6. Suppose 0*a - 3*a = -w. Calculate g(a).
2
Let u = 28752 + -28789. Let a(g) = -4*g**2 - 149*g - 40. What is a(u)?
-3
Let p(u) = -u**3 + 8*u**2 + 11*u - 13. Suppose 154 = 4*n - 50. Let v = n + -42. Determine p(v).
5
Suppose 30*u - 10 = 31*u. Let q be (2/4)/(u/120). Let k(i) = -i**3 - 5*i**2 + 6*i - 7. Give k(q).
-7
Let d(o) = -1160 + 6*o - 2*o + 625 + 573 + 5*o. What is d(-8)?
-34
Let r(y) be the third derivative of 0*y - 1/6*y**3 - 19/24*y**4 + 0 - 46*y**2. Give r(-1).
18
Let v(s) = 3*s**2 - 2*s + 2. Let r(b) = 5*b**2 - 3*b + 3. Let y(z) = 4*r(z) - 7*v(z). Let j(k) = -k**3 + 5*k**2 - 18*k + 28. Let g be j(2). Determine y(g).
-10
Let x be 24/(-276) - 326/(-46). Let y(b) = -x*b - 913*b**2 + 10*b + 907*b**2 - 2. Give y(2).
-20
Suppose -21 = 2*f + 4*u + u, 8*u = 4*f - 12. Let c(d) = 10*d - 5. What is c(f)?
-35
Let j(t) = t**2 + 18*t + 39. Suppose -c - 13 = -d, 67 = -5*c - 0*d + 4*d. Let w be j(c). Let y(f) = -5*f - 2. Give y(w).
28
Let o(m) be the first derivative of m**2/2 + 4*m - 1627. What is o(17)?
21
Suppose -4*r + 18 + 46 = -2*x, r = -4*x + 7. Suppose r = -12*j - 45. Let z(p) = -p**2 - 6*p - 7. What is z(j)?
-2
Let p be (20/5 - -65)/(2/4). Let z = 150 - p. Let t be z/18*(-42)/(-4). Let g(a) = a**3 - 7*a**2 + a - 2. What is g(t)?
5
Let v(s) = 15*s - 52. Let c = -1185 - -1188. Give v(c).
-7
Suppose -321 - 442 = 109*d. Let c(i) = -6*i**2 - 41*i + 15. Calculate c(d).
8
Let a(u) = 18*u + 16. Let i be (2/4 - 0)*11 - (-11)/22. Calculate a(i).
124
Let v = -153186 + 153179. Let u(t) = -1. Let g(x) = -x - 6. Let c(y) = -g(y) - 4*u(y). Calculate c(v).
3
Let v(g) = 4*g - 10. Let m be v(4). Suppose 0 = 20*f - 23*f + 42. Let q(s) = -7*s + s**2 + 8 - 28 + 14 + f. Give q(m).
2
Let y(p) = p**3 + 4*p**2 - 23*p - 13. Let s be (3/(-15))/(3/105). What is y(s)?
1
Suppose 114 + 22 = 8*p. Suppose -2*u - p + 25 = 0. Let h(m) = m + 0*m + 35*m**3 - 34*m**3 - 6*m**2 + 4*m + 4. Determine h(u).
-8
Suppose -6*p + 8*p = 3*u + 7, -p - 3*u = 1. Let j(t) be the first derivative of 9*t + 3*t**p - 19 + 1/3*t**3. Calculate j(-6).
9
Let a(j) be the second derivative of -j**4/12 + 9*j**3/2 + 43*j**2/2 + 29*j + 6. Give a(29).
-15
Let o(q) = q**3 - 2*q**2 - q + 8. Let u be o(3). Suppose v = -6*v + u. Let a(y) = -5*y + 2. What is a(v)?
-8
Let s(b) = -9*b - 45. Let o(q) = -11*q - 44. Let h(f) = 4*o(f) - 5*s(f). Give h(0).
49
Let s = 3553 - 3544. Let m(a) = a**3 - 7*a**2 - 16*a - 18. Give m(s).
0
Let h(i) = -22*i + 5395 - 5389 - 25*i. What is h(2)?
-88
Suppose -5*v + 11*x + 59 = 9*x, 0 = -2*v - 5*x - 17. Let f(g) = 43*g - 398. Calculate f(v).
-11
Let p = 5064 - 5060. Let d(m) = 3*m**2 + m + 8. Let r be d(6). Suppose 120*k = r*k - p. Let l(x) = -x + 1. What is l(k)?
-1
Let f be (4*6)/(((-3)/9)/(76/171)). Let n(s) = 2*s + 33. Calculate n(f).
-31
Let a(d) = -d**3 - 2*d**2 + d - 1. Let w be 816/(-10) - (-9)/15 - 2. Let u = 92 + w. Suppose -30 = 7*j - u. What is a(j)?
5
Let b(u) be the first derivative of -1/3*u**3 - 9/2*u**2 - 7*u -